e of 5*j**3 - j**2/2 + j + 4. What is the remainder when c is divided by y(1)?
14
Suppose -2*c + 6*c - j - 386 = 0, 0 = c - j - 95. Calculate the remainder when 192 is divided by c.
95
Let a(r) = -r**2 + 7*r + 1. Suppose 0 = -5*c + 7*c - 8. What is the remainder when 37 is divided by a(c)?
11
Let c(m) = -5*m - 4. Suppose 0 = -104*h + 120*h - 992. What is the remainder when h is divided by c(-4)?
14
Suppose -10 = 5*n - 10*n. Suppose -5*k + n*q = -57, 3*q = 2*k - 0*q - 25. What is the remainder when 32 + (0/(-1) - 2) is divided by k?
8
Suppose -16*r + 25*r - 8811 = 0. Calculate the remainder when r is divided by 98.
97
Suppose -2*j + 5*y + 508 = 0, -5*y - 919 - 351 = -5*j. Calculate the remainder when j is divided by 37.
32
Let y(i) = -7*i**3 - 3*i**2 + 5*i + 8. What is the remainder when 131 is divided by y(-2)?
5
Suppose -13*q = -19*q + 990. Calculate the remainder when q is divided by 42.
39
Suppose 7 = 5*n - 18. Let w(c) = -5*c + 8. Let s be w(n). Let p = 66 + s. What is the remainder when p is divided by 17?
15
Let l(q) = 9*q + 32. Let o be l(-4). Let n(i) = 2*i**2 + 6*i - 2. Let v = -19 + 35. Calculate the remainder when v is divided by n(o).
4
Suppose 81*y - 36 = 77*y. Calculate the remainder when 80 is divided by y.
8
Let w = 403 + -367. Suppose -f + 4 = 2*b, -2*b + 34 = 3*f + f. Calculate the remainder when w is divided by f.
6
Let b(o) = 5*o**3 + o**2 + o - 1. Suppose 5 = -c - 2*z, 0 = -2*z + 5*z + 9. What is the remainder when 20 is divided by b(c)?
2
Let o(w) = -w**3 - 12*w**2 + 6*w + 26. Let k = 40 + -23. What is the remainder when o(-13) is divided by k?
15
Suppose 0*a + 2*z + 138 = 4*a, -5 = -5*z. Calculate the remainder when 74 is divided by a.
4
Calculate the remainder when 91 is divided by 80/(-30)*(-9)/6.
3
Let o = 7 - 1. Let r(v) = -v**3 + 9*v**2 - 11*v + 5. Calculate the remainder when r(o) is divided by 17.
13
Let d be 11/(22/160) + 1. Let w be (d/36)/(6/(-16)). Let i(p) = p + 17. What is the remainder when 19 is divided by i(w)?
8
What is the remainder when 24 + -30 - -14 - (-1)/(-1) is divided by (-7)/((-1)/2*2)?
0
Let p = -190 + 223. What is the remainder when 104 is divided by p?
5
Let h(d) = d**3 - 51*d**2 + 99*d + 64. Calculate the remainder when h(49) is divided by 30.
23
Let s = -905 + 946. What is the remainder when s is divided by 10?
1
Suppose -15*o + 34 = -13*o. Suppose 4*k - 98 = 82. What is the remainder when k is divided by o?
11
Suppose -6 - 8 = -2*q. What is the remainder when q is divided by (212/20 - 11)*-10?
3
Suppose z + 6*v - 60 = 11*v, -4*z + 278 = -v. Calculate the remainder when z is divided by 38.
32
Suppose -4 + 1 = -h. Let p be (1 + -2)*(-135 - 20). Let x = p + -154. What is the remainder when h is divided by x?
0
Suppose 2*f = 6*f - 5*q - 142, -3*f + 4*q + 107 = 0. What is the remainder when 109 is divided by f?
10
Let u(w) = 2*w**2 + 2*w + 13. Let s(m) = -m**2 + 8*m - 7. Let a be s(7). Calculate the remainder when 49 is divided by u(a).
10
Suppose 6 = -4*p - 6. Let x(a) = -a**3 - 2*a**2 - 4*a. Let i be x(p). Suppose 4*z - 4*v - 141 = -z, z - i = -v. Calculate the remainder when 73 is divided by z.
23
Let u(k) = -k**2 + 8*k - 10. Let a be u(6). Let t = a - -13. Calculate the remainder when 41 is divided by t.
11
Suppose 5*q = 25, -j + 2*j + 3 = q. Let l = -44 + 48. Calculate the remainder when l is divided by j.
0
Let p = 535 + -452. What is the remainder when 494 is divided by p?
79
Let b be (8/6)/((-2)/(-63)). Suppose -p + b - 30 = 0. What is the remainder when 78 is divided by p?
6
Let u(w) be the first derivative of 2*w + 10/3*w**3 + w**2 - 5. What is the remainder when 37 is divided by u(-1)?
7
Let b(o) = -9*o - 18. Calculate the remainder when 152 is divided by b(-3).
8
Suppose -2*q + 2*s = 20, -3*q + 2*s - 4*s = 10. What is the remainder when 51 is divided by q/(-15) + (-3)/(-15)*68?
9
Let c be 0*1*3/6. Let q(r) = 26 - 30 + 8*r - r**2 + c*r**2. What is the remainder when q(5) is divided by 7?
4
Let g = 2706 - 2627. What is the remainder when g is divided by 5*1*(-16)/(-10)?
7
Suppose -3*o + 202 = 4*f, f - 2*f + 68 = o. Calculate the remainder when o is divided by (2/3)/((-1)/(-54)).
34
Let w be (3/((-18)/4))/(1/(-18)). Suppose -6*n = -w*n + 102. Calculate the remainder when 66 is divided by n.
15
Suppose 4*l - 24 - 45 = -d, 2*l - 36 = -2*d. Suppose -4*v = 5*o - 13, 4*v - 5 = 2*o + o. Calculate the remainder when l is divided by (-2 + v - -5) + 0.
2
Let p(o) = 2*o**2 - 12*o - 5. Let v be p(12). Let l = 43 + v. Suppose 5*m + 4*q = 425, 2*m + 4*q = -0*q + l. What is the remainder when m is divided by 14?
11
Suppose 113 = -5*j - 22. Let w = j - -88. Calculate the remainder when w is divided by 33.
28
Let q = 33 - 28. Suppose 8*f - 66 = q*f. What is the remainder when f is divided by 4?
2
Let m be (-2*1)/((-1 - -9)/40). Let n(c) be the third derivative of c**5/30 + 5*c**4/6 + c**3/3 + 3*c**2. Calculate the remainder when n(m) is divided by 2.
0
Let b = -320 + -372. Calculate the remainder when 90 is divided by (-2)/15 + b/(-15).
44
Suppose -2*q = -2*p + 12 + 44, -q = 0. What is the remainder when 53 is divided by p?
25
Suppose -19*p + 12 = -16*p. What is the remainder when 23 is divided by p/(-2)*(195/(-6))/5?
10
Suppose z = 4*z - 18. Suppose 4*w = 0, 3*w + z = -t + 19. Suppose 5*l + t = q, q - 4*l + 4 = 2*q. What is the remainder when 22 is divided by q?
6
Let s be ((-58)/4 - -1)*-6. Suppose 0*x = 5*x + k - s, -4*x = 2*k - 66. What is the remainder when x is divided by 38/8 - 65/(-52)?
4
Suppose -2*f + 19*s = 18*s - 6008, -5*s - 2986 = -f. What is the remainder when f is divided by 59?
56
Suppose 8 = -4*i, -10*i + 370 = 4*z - 9*i. What is the remainder when z is divided by 32?
29
Let r(z) = -3*z - 7. Let t be r(-10). Let f = 34 - t. Suppose 9 = 2*q + q - 3*p, -9 = -3*p. What is the remainder when f is divided by q?
5
Let n(r) = 3*r**2 - 334*r - 1008. Let h = -5 + 63. What is the remainder when h is divided by n(-3)?
16
Let c(a) = a**3 - 3*a**2 + 11*a - 10. Calculate the remainder when c(5) is divided by 12.
11
Suppose -3*w = -79 + 4. Suppose -33 = j - 4*j. Let b(c) = c - 4. Calculate the remainder when w is divided by b(j).
4
Suppose -340 = -2*a - 5*i - 0*i, 2*a - 4*i - 376 = 0. What is the remainder when a is divided by 7?
5
Suppose 3*s - 2*s - 11 = 0. Let y = -531 - -562. What is the remainder when y is divided by s?
9
Let z be ((-232)/10)/((-1)/((-175)/(-10))). Suppose z = 13*g + 120. What is the remainder when 31 is divided by g?
9
Let u = -232 - -349. Calculate the remainder when u is divided by 30.
27
Suppose 2*i = 5*q - 568, 9*i = 8*i - 4. Calculate the remainder when q is divided by 47.
18
Let g = 137 - 38. Let t = g - 62. Calculate the remainder when 184 is divided by t.
36
Let y = -107 + 190. Suppose -3*b - 4*a + 130 = 0, -b + 18 + 25 = a. What is the remainder when b is divided by y/5 + 24/(-40)?
10
Suppose b = -0 - 26. Let y = 53 + b. Let i = y - 7. Calculate the remainder when 57 is divided by i.
17
Let t(z) = -3*z + 10 + 2*z + 4*z - 2*z. Let c be t(-5). Suppose 25 = c*a - 0. What is the remainder when 19 is divided by a?
4
Let i be 13/(-65) + (-32)/(-10) + 0. Suppose -i*c = -c - 40. What is the remainder when 21 is divided by c?
1
Let z(k) = -k**3 - k**2 + 19. Suppose -3*g = 5*h + 14 - 6, 2*g = -3*h - 4. Calculate the remainder when -4*7*(-5)/g is divided by z(0).
16
What is the remainder when 185 is divided by 5459/721 - 1/(14/8)?
3
Let x(t) = t + 4. Let u be -3 + 1 - 16/(-8). Let k be x(u). What is the remainder when 43 is divided by (2 + (-100)/k)/(-1)?
20
Let b = 48 - 27. Let l(q) = -6*q - 16. Calculate the remainder when b is divided by l(-4).
5
Let n(c) = c**2 + 3*c. Let g(j) = -2*j**2 - 5*j - 1. Let p(w) = -3*g(w) - 5*n(w). Let u = 249 + -215. Calculate the remainder when u is divided by p(-3).
10
Suppose -k = 2*o - o - 4, k + 3*o - 10 = 0. Let j = k - -13. Let c = 20 + 5. What is the remainder when c is divided by j?
11
Let w(p) = -p**3 + 6*p**2 - 3*p - 4. Let k be w(5). Let c be 3/9 + (-60)/18. What is the remainder when 12*c*(-4)/k is divided by 13?
11
What is the remainder when 88 is divided by (-11)/44*(-67 + -1)?
3
Let f(n) be the first derivative of n**3/3 + 3*n**2 - 38*n - 10. What is the remainder when (-1 + 14/4)*2 is divided by f(-10)?
1
Suppose -4*u = -k 